alse
Let a = -4160 + 7197. Is a composite?
False
Suppose -35 - 10 = 5*x. Let g(n) = -n**2 + 5*n + 11. Let u be g(x). Let l = 422 + u. Is l a prime number?
True
Suppose 39*h - 42*h = -15. Suppose 3*j = 5*w - 6, 2*j - h*w - 2 = -11. Suppose 401 = v - 4*q + 46, 3*v = j*q + 1101. Is v a prime number?
False
Let x(r) = 2*r**3 - 42*r**2 + 99*r - 105. Is x(44) a prime number?
True
Let c = 2 + 0. Let n(z) = -z - 6. Let f be n(c). Let p(q) = -4*q**3 - 6*q**2 - 10*q + 15. Is p(f) prime?
True
Let c(o) = 10*o**2 + 21*o + 24. Let l(h) = -4*h**2 - 11*h - 13. Let r(t) = 3*c(t) + 5*l(t). Suppose 8 + 19 = 3*s. Is r(s) prime?
False
Suppose 16*y - 1557 = 13*y. Let f = y - -239. Is f composite?
True
Suppose l - 128 = -3*l. Let j = l - -669. Is j a composite number?
False
Suppose -3*o - 115630 = -4*d, -6*d + 8*d - 5*o = 57808. Is d prime?
True
Let l(c) = -27*c**2 + 22*c + 10. Let m(r) = 9*r**2 - 7*r - 3. Let x(w) = -4*l(w) - 11*m(w). Is x(6) composite?
False
Let r = 31737 + -6337. Is 7/(105/r) - (-2)/(-6) composite?
False
Suppose 5*u + 6 = -3*j - 1, -5*j + 1 = 2*u. Let s(t) = -109*t**3 - t**2 + t + 3. Is s(u) prime?
False
Let q(u) = 811*u + 69. Is q(16) composite?
True
Let d(m) = -m**3 + 4*m**2 + 5*m + 3. Let c be d(5). Suppose -3985 = -2*i - c*i. Is i a prime number?
True
Let c = -25 - -28. Suppose 7*y = c*y - 2072. Let f = 1425 + y. Is f composite?
False
Let t(v) = 3021*v - 48. Is t(1) a prime number?
False
Let h(l) = -l - 12. Let d be h(-10). Let v(n) = -16*n**3 + n**2 + 2*n. Let q be v(d). Is 4/(-2) + q + 1 prime?
True
Let i be ((-40)/(-6))/4*420. Let a = i + 985. Is a a composite number?
True
Let r(p) = 5*p**2 + 6*p. Let s be r(6). Let o = 403 - s. Is o composite?
True
Let j(v) = 317*v + 74. Is j(13) composite?
True
Is 4/30 - (3068408/(-60))/14 composite?
True
Suppose 0 = 5*y - 4*v - 0*v - 8932, 4*y - 7148 = 2*v. Is (5/4)/(3/y) a composite number?
True
Let r(y) = -y**3 - 2*y**2 - 4. Let c be r(0). Is c/2 - (-1125 - -24) a composite number?
True
Let w(j) = 2134*j**2 - j. Let g be w(-1). Let t(q) = q**3 + 2*q**2 + q + 16. Let x be t(-3). Suppose 12 = -4*f, -5*f = x*l - 30 - g. Is l a composite number?
True
Let r(v) = -116*v**3 + 2*v**2 + 5*v + 3. Let o = 9 + -11. Is r(o) composite?
False
Let k(z) = 21*z**2 + 2*z + 3. Suppose 3*c - 40 = -2*c. Suppose t - 4*o + 20 - 2 = 0, 2*t = o - c. Is k(t) prime?
True
Suppose -16*a + 32 = -8*a. Let m(v) be the first derivative of 61*v**2/2 - 5*v - 2. Is m(a) prime?
True
Let c be (-4 - -1)*11/(-3). Suppose -z + 36 = 5*r, 4*z + 5 + c = 0. Suppose 5*x = x + r. Is x prime?
True
Let q(n) be the third derivative of -37*n**5/120 - 11*n**4/24 - n**3/3 - 2*n**2. Let i(l) be the first derivative of q(l). Is i(-6) a composite number?
False
Let y be (2/(-6))/((-8)/120). Let v be (-2)/2*(4 - 6). Suppose -y*t + v*t = -951. Is t a prime number?
True
Suppose 8811 = 3*v + 2*l, -5*v - 4*l + 14687 = -0*l. Let t = v - 1278. Is t a prime number?
True
Let u be (-5 - -2)/(2/4). Let c be 8 - -6*4/u. Suppose 1 = 3*y - 2, -3*w + c*y + 62 = 0. Is w composite?
True
Suppose -2*j - 2011 - 4013 = -d, 2*d = -j + 12043. Is d a composite number?
True
Suppose 0 = -12*a - 36*a + 194448. Is a prime?
True
Suppose 27 = 4*x + 3*v, 3*v = 2*x - 2*v + 19. Suppose 5*n + 0*h = -3*h + 27, 0 = n - x*h + 9. Is n prime?
True
Is 3779/2 + (-105)/(-70) a prime number?
False
Let y = 188 + 1973. Is y composite?
False
Is (148/10)/((-38)/(-14155))*1 composite?
True
Let d = 35230 + -19719. Is d a composite number?
False
Let k(r) = -2*r**2 + r - 3. Let t be k(5). Let z be t/(-22) - (-8)/(-44). Is 2036/(-2)*(-1)/z a composite number?
False
Let h(r) = 100*r - 59. Is h(16) prime?
False
Let n(r) = 7*r**2 - 2*r. Suppose 0 = -d + 3*j, -4*d = -d + 2*j. Let i = -5 + d. Is n(i) a composite number?
True
Suppose 3*i + 2 = i. Let k(j) = -5*j**3 + 3*j**2 + j - 1. Let o be k(i). Suppose x = -2*y + o*y + 171, 2*y = -x + 201. Is x prime?
True
Suppose 6*x = -5372 + 42626. Is x prime?
False
Let h be 15/6*-1*-6. Suppose 4*w = w - h. Is 33 + w/((-20)/8) composite?
True
Let l = -11 - -15. Let k = l - -2. Suppose -k*y + 904 = -2*y. Is y a composite number?
True
Let r(g) = 196*g**2 + 8*g + 101. Is r(-7) prime?
True
Let n be ((-18)/45)/((-12)/150). Suppose 5*w + 25 = 0, 4*l - w = -6 + 19. Suppose -n*t = 2*y + l*y - 567, -2*t + 141 = y. Is y a prime number?
False
Let h = 10336 + -1385. Is h a composite number?
False
Let s(m) = 7*m - 3. Let y(u) = 15*u - 5. Let h(t) = 13*s(t) - 6*y(t). Let i be h(11). Suppose 0 = 3*f - i*b - 56, f - 6*f = -b - 105. Is f composite?
True
Let b(t) = 5*t + 4. Let l be b(3). Let r(o) = 65*o - 1 - 21*o + 2 + l*o. Is r(8) a composite number?
True
Suppose -3*x + 6*j + 29917 = 2*j, -3*x - 2*j + 29893 = 0. Is x a composite number?
False
Let q(g) = -11*g + 1. Let v be q(-1). Suppose -2*c = c - v. Suppose m = 2*d - c*m - 159, 5*m - 149 = -2*d. Is d a prime number?
False
Let m = -32 + 44. Suppose -17*x + 2455 = -m*x. Is x a composite number?
False
Let x be 0 - (-2 + 1 + 2). Let f = x - 1. Is (6 + 188)*(-1)/f a composite number?
False
Let t(c) = 8*c - 6. Let p be t(3). Let u be ((-2)/(-4))/((-9)/p). Let j(o) = -190*o**3 + 2*o**2 + 2*o + 1. Is j(u) a composite number?
False
Let l = -4 - 4. Let f(o) = 6*o**2 - 4*o + 3. Is f(l) composite?
False
Let f = 3 - 0. Suppose i - 8*j = -f*j + 347, 2*i - j - 694 = 0. Is i a composite number?
False
Let j be 2/5 - ((-3366)/10 - -2). Suppose -6*u + j + 775 = 0. Is u prime?
False
Suppose 4*s = s + 12. Suppose -s*t = -q + 369, -4*q = -t - 1651 + 190. Is q prime?
False
Is 47510/8*256/320 composite?
False
Let k = 5 + 7. Suppose 89 - 533 = -k*o. Is o composite?
False
Is (-2)/(4 - 5469/1367) a composite number?
True
Suppose 2*m - 177 = 4*c - 7, 4*m - 330 = -2*c. Let d be 9/(126/(-665)) - (-2)/(-4). Let j = d + m. Is j composite?
True
Let d = 27 - 25. Is (d/3)/(10/10095) prime?
True
Let u(m) = -234*m**3 + 6*m**2 + 1 + 34*m**2 - 38*m**2 + 2*m. Let q be 12/42 + (-9)/7. Is u(q) prime?
False
Suppose 0 = 97*m - 2079297 - 1257406. Is m a composite number?
True
Let n(y) = -5*y - 2. Let d be n(-2). Suppose 0 = 2*b - 0 - d. Suppose b*x = -v - 2*v + 871, 4*v = 4. Is x a prime number?
False
Let v(f) = -19*f + 37. Is v(-18) composite?
False
Is (-213085)/(-30) - (-2)/12 prime?
True
Suppose 2*q - 2*b = -b + 5, 2*b + 2 = 0. Suppose 4*v + q*x = 5*x - 2914, -3629 = 5*v + 3*x. Let m = v + 1098. Is m a prime number?
False
Suppose 0 = 2*h + 2*k - 196, -k + 140 = 4*h - 240. Let o = h + -267. Let d = o - -546. Is d prime?
True
Let b(z) = 809*z + 334. Is b(5) prime?
False
Let p(j) = -93*j. Let r be p(-1). Suppose y = -x + 239 + r, -5*x - 15 = 0. Suppose 0 = 4*z + z - y. Is z a prime number?
True
Suppose 11*w - 4852 = 7*w. Let o = 2528 - w. Is o a prime number?
False
Suppose -f - 2*k + 134 = -1915, -10219 = -5*f + 3*k. Is f composite?
True
Let n(x) = -726*x - 9. Let z be n(-12). Suppose 15*g = z + 6762. Is g prime?
True
Let y = -45 - -17. Is 22*2/(-16)*y prime?
False
Let s = 12 + -19. Let d(c) = c**2 + 6*c - 6. Let a be d(s). Is 85 - ((a - 3) + 1) composite?
True
Let j = 9 - 9. Suppose -4*x = -4*p - 497 + 1349, 2*p - 3*x - 428 = j. Is p prime?
True
Let v = -432 - -450. Let r(w) = -398*w - 1. Let t be r(-1). Let l = v + t. Is l composite?
True
Suppose -5*m + 16 = 3*p + p, 20 = m + 5*p. Let w = -1230 + 1756. Suppose y + 179 - w = m. Is y a composite number?
False
Suppose 0*p = p - d - 2091, 5*d - 10405 = -5*p. Suppose 0 = 2*c, 3*l - 5*c - p = l. Is l a prime number?
False
Suppose 4*v + 49 = 5*w, w + 2*w = -5*v - 52. Let z be (-2)/v + 344/44. Suppose 4*y = -s + 175, 4*y - z = -24. Is s a prime number?
True
Let a be (4 + (-1 - 2))*-5046. Let h = -2441 - a. Suppose -13*x = -18*x + h. Is x composite?
False
Suppose 2*o - 3*q - 7187 = 0, 5*o + 2*q - 3808 - 14131 = 0. Is o a composite number?
True
Suppose -274*h = -288*h + 266434. Is h prime?
True
Let y(j) = 2*j - 5*j - 3*j + 0*j. Let l be y(-2). Let c = 31 - l. Is c composite?
False
Let u = -20052 - -45821. Is u composite?
True
Suppose -z = -3*p - 2*p + 40735, -3*p - 5*z + 24441 = 0. Is p prime?
True
Let u(b) = -12*b**2 - 12*b + 2. Let x be u(-8). Is 0 - ((2 - 5) + x) a composite number?
False
Let q(d) = -9*d**2 + 2 + 2*d - 20*d**3 + 7*d**3 + 11*d**3. Let w be q(-8). Is (9 + -10)/((-2)/w) a prime number?
False
Suppose l - 2*i = 1457, -i +